ate the remainder when 52610 is divided by 52570.
40
What is the remainder when 851903 is divided by 4840?
63
Calculate the remainder when 833761 is divided by 66.
49
What is the remainder when 1076771 is divided by 13131?
29
Calculate the remainder when 39547 is divided by 13144.
115
Calculate the remainder when 28574 is divided by 8245.
3839
What is the remainder when 8369173 is divided by 124913?
2
Calculate the remainder when 10718179 is divided by 5359066.
47
What is the remainder when 723535 is divided by 120586?
19
What is the remainder when 11729819 is divided by 1675629?
416
Calculate the remainder when 23237 is divided by 7631.
344
What is the remainder when 14634 is divided by 1200?
234
What is the remainder when 799616 is divided by 442?
38
Calculate the remainder when 117584915 is divided by 9580.
9575
What is the remainder when 163276 is divided by 675?
601
What is the remainder when 6435272 is divided by 164?
76
Calculate the remainder when 9097400 is divided by 7272.
128
Calculate the remainder when 129127 is divided by 25764.
307
What is the remainder when 361407 is divided by 180657?
93
What is the remainder when 244561 is divided by 79793?
5182
Calculate the remainder when 232489 is divided by 6.
1
Calculate the remainder when 492159 is divided by 223.
221
Calculate the remainder when 3164584 is divided by 11302.
24
What is the remainder when 4193338 is divided by 182?
58
Calculate the remainder when 246991 is divided by 503.
18
What is the remainder when 3137140 is divided by 27044?
36
What is the remainder when 229714 is divided by 20869?
155
Calculate the remainder when 105047980 is divided by 26261995.
0
Calculate the remainder when 3985812 is divided by 14.
12
What is the remainder when 57848 is divided by 588?
224
Calculate the remainder when 683149 is divided by 640.
269
Calculate the remainder when 11470857 is divided by 1794.
21
Calculate the remainder when 66635 is divided by 834.
749
What is the remainder when 533257 is divided by 177495?
772
What is the remainder when 48205 is divided by 105?
10
Calculate the remainder when 1076434 is divided by 27.
25
What is the remainder when 125952 is divided by 124767?
1185
Calculate the remainder when 75949703 is divided by 73.
65
What is the remainder when 6894459 is divided by 313373?
253
What is the remainder when 3158898 is divided by 184?
170
Calculate the remainder when 779545 is divided by 188.
97
Calculate the remainder when 344144 is divided by 28.
24
What is the remainder when 759352004 is divided by 95?
94
What is the remainder when 451116 is divided by 31?
4
What is the remainder when 17351856 is divided by 115?
81
What is the remainder when 2107358 is divided by 301050?
8
Calculate the remainder when 161985 is divided by 79429.
3127
What is the remainder when 6275134 is divided by 92?
90
What is the remainder when 437333 is divided by 761?
519
Calculate the remainder when 140739 is divided by 139972.
767
Calculate the remainder when 50276194 is divided by 73.
72
Calculate the remainder when 9845678 is divided by 13.
11
Calculate the remainder when 189997 is divided by 1242.
1213
Calculate the remainder when 1161609 is divided by 2514.
141
Calculate the remainder when 3448486 is divided by 574747.
4
What is the remainder when 3878992 is divided by 14?
12
Calculate the remainder when 99175 is divided by 99113.
62
What is the remainder when 731659 is divided by 445?
79
Calculate the remainder when 6180 is divided by 186.
42
Calculate the remainder when 597053 is divided by 15.
8
What is the remainder when 1039743 is divided by 86633?
147
Calculate the remainder when 67220047 is divided by 22.
15
Calculate the remainder when 90609 is divided by 15024.
465
Calculate the remainder when 10905 is divided by 459.
348
Calculate the remainder when 7852073 is divided by 871.
8
Calculate the remainder when 312659 is divided by 44655.
74
Calculate the remainder when 2833887013 is divided by 4699.
4695
What is the remainder when 725026 is divided by 2054?
2018
Calculate the remainder when 1008630 is divided by 10292.
14
Calculate the remainder when 6040729 is divided by 111.
109
Calculate the remainder when 305506 is divided by 5008.
18
Calculate the remainder when 26114505 is divided by 4165.
4120
Calculate the remainder when 92428513 is divided by 45.
43
What is the remainder when 74637851 is divided by 18659460?
11
Calculate the remainder when 706640 is divided by 2920.
0
Calculate the remainder when 223194 is divided by 3477.
666
What is the remainder when 11737929 is divided by 9839?
2
What is the remainder when 127817 is divided by 239?
191
Calculate the remainder when 32831746 is divided by 1087.
1085
Calculate the remainder when 138299 is divided by 69100.
99
What is the remainder when 4352263 is divided by 32?
7
Calculate the remainder when 108692557 is divided by 20454.
1
Calculate the remainder when 4676914 is divided by 16468.
2
What is the remainder when 62167 is divided by 4109?
532
What is the remainder when 14733160 is divided by 1946?
1940
Calculate the remainder when 10276 is divided by 77.
35
Calculate the remainder when 29590357 is divided by 39933.
4
What is the remainder when 762687 is divided by 665?
597
Calculate the remainder when 2353020 is divided by 470595.
45
What is the remainder when 83122312 is divided by 14386?
4
Calculate the remainder when 13963442 is divided by 144.
50
What is the remainder when 67228 is divided by 146?
68
What is the remainder when 819867 is divided by 961?
134
Calculate the remainder when 19688098 is divided by 348.
346
What is the remainder when 17972 is divided by 3549?
227
Calculate the remainder when 2979948 is divided by 127.
20
Calculate the remainder when 1633774 is divided by 23.
15
What is the remainder when 759900 is divided by 4605?
75
What is the remainder when 107964 is divided by 53033?
1898
What is the remainder when 4303530 is divided by 478158?
108
What is the remainder when 15218 is divided by 7598?
22
What is the remainder when 3503637 is divided by 500519?
4
Calculate the remainder when 778409 is divided by 49.
44
Calculate the remainder when 1286255 is divided by 643067.
121
Calculate the remainder when 152404 is divided by 75961.
482
What is the remainder when 13662347 is divided by 1722?
1721
Calculate the remainder when 2488796 is divided by 414780.
116
Calculate the remainder when 5449791 is divided by 1362447.
3
Calculate the remainder when 8846278 is divided by 884626.
18
Calculate the remainder when 67417 is divided by 4450.
667
Calculate the remainder when 13294232 is divided by 8136.
8
Calculate the remainder when 156313 is divided by 37.
25
Calculate the remainder when 239837 is divided by 29978.
13
Calculate the remainder when 21013145 is divided by 20.
5
Calculate the remainder when 49268 is divided by 15626.
2390
What is the remainder when 31245927 is divided by 11084?
131
Calculate the remainder when 6907549 is divided by 35.
19
What is the remainder when 57903 is divided by 3549?
1119
Calculate the remainder when 676453 is divided by 493.
57
What is the remainder when 600202 is divided by 843?
829
What is the remainder when 2170731 is divided by 525?
381
Calculate the remainder when 230306 is divided by 640.
546
Calculate the remainder when 8684687 is divided by 396.
11
Calculate the remainder when 1928093 is divided by 886.
157
Calculate the remainder when 91837303 is divided by 896.
887
What is the remainder when 106132 is divided by 487?
453
What is the remainder when 9434536 is divided by 402?
400
What is the remainder when 3825641 is divided by 372?
365
What is the remainder when 569548 is divided by 5698?
5446
Calculate the remainder when 240714 is divided by 510.
504
Calculate the remainder when 143963 is divided by 719.
163
What is the remainder when 24650 is divided by 67?
61
What is the remainder when 202916 is divided by 28988?
0
What is the remainder when 85903 is divided by 327?
229
What is the remainder when 34735 is divided by 15943?
2849
What is the remainder when 18965235 is divided by 6754?
3
What is the remainder when 1276288 is divided by 15?
13
Calculate the remainder when 132153783 is divided by 65945.
3
What is the remainder when 2711645 is divided by 409?
38